 + 4*p - 3. Suppose -2*t = -14*t + 24. Give z(t).
9
Suppose -7*g - g + 16 = 0. Let h(n) = -8*n - 5*n**g - 1 - 5*n**2 + 9*n**2. What is h(-8)?
-1
Suppose -28*t = t - 261. Let z(h) = -h - 8. Give z(t).
-17
Let i = -9 + 12. Let a(p) = -p**3 + 1 + 2*p + 2*p**2 - i*p + 0*p**2. Suppose 0*z - z = -2. Give a(z).
-1
Suppose -4*k + 8 = -0*k. Let y be 7/5 + 3/5. Let f(a) = -6*a**2 - a**3 - 1 - y*a + a**k + 0*a**2. Calculate f(-3).
-13
Let x(t) = 2*t + 7. Let u(c) = c**2 + 20*c + 84. Let q be u(-13). Calculate x(q).
-7
Let m(s) = -s**2 + 7*s - 4. Suppose 12*n - 17*n = -30. Determine m(n).
2
Let b(h) = -h**3 + 4*h**2 - 3. Let f = -70 + 73. Suppose j = -f*j + 16. Calculate b(j).
-3
Let k(z) = -2*z**2 - z + 2. Let c(f) = 5*f - 69. Let h be c(13). Let q(s) = -3*s**2 - s + 3. Let x(t) = h*k(t) + 3*q(t). Give x(2).
-1
Let v(d) be the first derivative of d**4/4 - 5*d**3/3 + 3*d**2/2 + 4*d - 1227. Let g be (8/10)/((-1)/(-5)). Calculate v(g).
0
Let o(b) = 8*b - 3. Let y = 510 + -506. Give o(y).
29
Let n(s) be the second derivative of s**3 + s**2 - 21*s. Let u = 38 + -40. What is n(u)?
-10
Let h = 18 - 16. Let m(d) = 4*d - 2*d**h - 4*d**2 + 5*d**2 - 6 + d. Suppose -5*g = -3*w + 7, -4*g = -g - 3. What is m(w)?
-2
Let b(l) = 2*l**2 - 12*l - 12. Let k be b(7). Suppose h + 4*h = -2*z + 14, -8 = -4*z. Let x(a) = a + a**k + a**h - 3*a + a + 5*a**3. Give x(1).
6
Let h(f) = -1. Let s(c) = c**2 - c - 6. Let o(j) = -4*h(j) - 2*s(j). Let l(x) be the first derivative of o(x). Let u = -5 - -7. What is l(u)?
-6
Let d(v) = 2*v + 13. Let z(l) = -12*l - 67. Let m be z(-5). Calculate d(m).
-1
Let s(r) = 3*r + 2. Let b(q) be the second derivative of -q**3 - 3*q**2/2 - q. Let m(k) = 4*b(k) + 7*s(k). Let y = -5247 - -5245. What is m(y)?
8
Let f(c) be the first derivative of c**4/4 + c**3 - 2*c**2 - 4*c - 54. Let a be (-9)/3*1/1. Calculate f(a).
8
Let o(g) = g**3 - g**2 + 2*g - 4. Suppose 3*u - 5 = w, 19*u - 5 = 14*u + 5*w. Calculate o(u).
4
Let a(h) = 2*h**2 + 28*h + 2. Let u be a(-14). Let n(w) = -3*w - 9*w**u + w + 149 - 150. Suppose -3 = -f + 4*f. Determine n(f).
-8
Let x be 3*(-7)/((-210)/50). Let s(y) = y**3 - 5*y**2 + 2*y - 9. Determine s(x).
1
Suppose 122*i = 119*i - 6. Let j(x) = x**3 - 2*x - 2. Determine j(i).
-6
Suppose 5*b = 3 + 7. Suppose 3*c + 1 + b = 0. Let w be (15/12)/(c/(-4)). Let m(l) = l - 4. Calculate m(w).
1
Let t(w) = -w**2 + 6*w - 10. Suppose -13*f + 44 = -8. Determine t(f).
-2
Suppose -3*d + 3*g + 6 = 0, -2*g - 2*g - 4 = -3*d. Let n(v) be the first derivative of -v**3/3 + v**2/2 + 4*v + 267. Determine n(d).
-8
Let w(v) be the first derivative of -v**3/3 - 3*v + 17. Let m(i) = 1. Let d = 1 + -2. Let o(h) = d*w(h) - 6*m(h). Determine o(-3).
6
Let w(z) be the first derivative of -2*z**3 + z**2 + 11. Give w(1).
-4
Let x(d) = -6*d + 5. Let b(s) = -s + 1. Let m(r) = 11*b(r) - 2*x(r). Determine m(-10).
-9
Let o(c) = -3 - 2*c**2 + 2 - 2*c**2. Let f be -2*(68/8 + -9). What is o(f)?
-5
Let y = 7 + -11. Let l = 23 - 27. Let s(n) = 5*n**3 + 9*n**2 + 11*n + 5. Let o(k) = -k**3 - k**2 - k. Let i(v) = l*o(v) - s(v). Calculate i(y).
7
Let l(s) = s**2 - 3*s - 3. Suppose 4*m = x + 2*m, -5*m + 15 = -x. Suppose 0 = q - 2*h - 15, 0 = -4*q + q - 5*h - x. Give l(q).
7
Let q(z) = -2*z**3 - 3*z**2 - 2*z - 3. Let o = 59 + -57. Suppose 3*b + 5 = u, o*u + 1 + 1 = 0. What is q(b)?
5
Let z(i) = -2*i**3 + 17*i**2 - 19*i - 12. Let l be z(7). Let c(t) be the first derivative of 1/3*t**3 - 3*t + t**l + 8. Give c(-3).
0
Let u(l) = 6*l + 3. Let w(i) = -7*i - 3. Let k(s) = -5*u(s) - 4*w(s). Let j be (5 + -8)*25/15. Determine k(j).
7
Let k(h) = -h**2 - 12*h + 15. Let i be (3/(-3) - 2)/(-1) - 16. Give k(i).
2
Suppose -6*k - 6*k = -96. Let m = 8 - k. Let o(q) = q**3 - q**2 - q + 14. What is o(m)?
14
Let t = 31 + -17. Let q(i) = i**3 - 13*i**2 - 13*i - 16. What is q(t)?
-2
Let w(d) be the third derivative of -d**6/120 - d**5/60 + d**4/12 + 13*d**3/3 - 13*d**2 + 7. What is w(0)?
26
Let u(n) = -14*n**2 + 13*n + 52. Let z(k) = -3*k**2 + 3*k + 13. Let m(q) = 2*u(q) - 9*z(q). Calculate m(0).
-13
Let o(k) = k**2 + 4*k + 3. Let x(h) be the first derivative of -h**4/4 + 7*h**3/3 + 4*h**2 - 3*h - 18. Let s = 4 + 4. Let m be x(s). Calculate o(m).
0
Let m(c) = -c**2 + c + 13. Suppose 4*p - p - 6 = 0. Suppose 4 = -3*v - p*d, d = 5*v - 0 - 2. Calculate m(v).
13
Let g be (-29)/(1044/96)*3/(-2). Let q(k) = k**3 - 3*k**2 - k + 5. Calculate q(g).
17
Let i(t) = 3*t**2 + t - 1. Let v be 51/33 - (-84)/(-154). Calculate i(v).
3
Let k = -1 + 0. Let g(i) = -11*i + 1. Let x(u) = -56*u + 6. Let j(a) = a**2 + 14*a - 11. Let c be j(-14). Let y(r) = c*g(r) + 2*x(r). What is y(k)?
-8
Suppose 0 = -6*x - 15 + 27. Let z(w) be the first derivative of -5*w + 1/3*w**3 - 4 + x*w**2. Give z(-5).
0
Let w(y) = -5*y - 1. Let g(j) = -6*j - 1. Let u(h) = 3*g(h) - 4*w(h). What is u(7)?
15
Let s be 8/(8/(-4)) - (-11 + 4). Let u(h) be the second derivative of -1/20*h**5 + 2/3*h**3 - 5/12*h**4 + 8*h + 0 + s*h**2. Calculate u(-5).
-14
Let n(y) = 9585 + y**3 - 9590 - 10*y**2 - 2*y - 2*y. What is n(10)?
-45
Let h(a) be the third derivative of a**4/8 - 7*a**3/6 - a**2. Let l(n) = -n**2 - 3*n + 7. Let w be l(-7). Let f = w - -26. Calculate h(f).
8
Let v(k) = 7*k**2 + 4. Let j(i) = 20*i**2 + 11. Let g(m) = -6*j(m) + 17*v(m). Let h = 1 + -4. Let d be 50/(-18) + (-10)/(-135)*h. Determine g(d).
-7
Let v(b) = -3*b - 26. Let y(n) = 10*n + 80. Let c(q) = -7*v(q) - 2*y(q). Give c(-23).
-1
Suppose 4*n - 4*c - 35 = -n, n + 3*c - 7 = 0. Let h(u) = n + 5*u + 2*u + 2 + 1 + u**2. Determine h(-7).
10
Let a(c) be the second derivative of -c**5/60 - c**4/8 - c**3/2 + c**2/2 - c. Let f(j) be the first derivative of a(j). Let w = 153 - 157. What is f(w)?
-7
Let c(r) = -2*r**3 - 9*r**2 + 14*r + 47. Let b be c(-5). Let m(h) = -3*h**2 - 4*h + 14. Determine m(b).
-6
Let z(s) = -3*s - 5*s**3 + s**2 - 4*s**2 - 3*s**2 + s. Let u(r) = 3*r**3 + 3*r**2 + r. Let t(w) = -7*u(w) - 4*z(w). Give t(3).
3
Let s(w) = w**3 - 14*w**2 + w - 8. Let n be (-35)/3*420/(-350). What is s(n)?
6
Let v(b) be the second derivative of b**6/180 + b**5/120 + 2*b**4/3 - b. Let u(m) be the third derivative of v(m). Give u(1).
5
Let i(w) be the first derivative of w**3/6 - w**2/2 + w + 1. Let b(m) be the first derivative of i(m). Suppose 140 = 3*c + 152, -c = -u. Give b(u).
-5
Let z(s) be the first derivative of 2*s**3/3 + 3*s**2/2 - s - 344. Calculate z(3).
26
Suppose 116 = -3*u - 37. Let k = u + 58. Let r(d) = d**3 - 6*d**2 - 9*d + 1. Calculate r(k).
-13
Let k(b) = -b**3 + b**2. Let z(h) = 4*h**2 - h - 1. Let p(s) = -5*k(s) + z(s). Calculate p(-1).
-6
Let r(i) = -4*i + 30. Let f be r(7). Let p(d) = 2 - f*d - 4 - 2 + 2. Let a(s) = -s**2 - 7*s + 4. Let k be a(-8). Calculate p(k).
6
Suppose 0*j + 28 = 4*j + 2*m, -8 = -4*m. Let n be 0/j + (1 - -1). Let p(i) = -i**2 - i + 2. Give p(n).
-4
Let c(r) = -r**3 + 7*r**2 - 2*r - 12. Suppose -42 = -254*j + 247*j. Give c(j).
12
Let q(i) = -7*i**3 + i**2 + 3*i - 8. Let h(b) = 16*b**3 - 2*b**2 - 7*b + 15. Let y(v) = 4*h(v) + 9*q(v). What is y(0)?
-12
Let h(m) = -m + 4. Suppose -g - 3*g = 4*z - 4, 2*g - 3*z = 2. Let q = g - -2. Suppose -5*c - 10 + 34 = 4*x, -3 = -q*x. What is h(c)?
0
Let r(n) = 5*n**3 - 14*n**2 - 7*n - 9. Let f(u) = 3*u**3 - 9*u**2 - 4*u - 6. Let p(y) = 8*f(y) - 5*r(y). Determine p(2).
-13
Let a(s) = -s**3 + s**2 + 3*s + 3. Suppose 2*u = 2*o - 4 - 36, -4*u + o = 80. Let p = 23 + u. Calculate a(p).
-6
Let a(r) = r**2. Let n(p) = -2*p**2 - 2*p - 2. Let b(x) = -6*a(x) - n(x). Calculate b(-2).
-18
Let w(d) = -25*d - 1. Suppose -2*x = -7*x + 2*v + 3, 3*v = 4*x - 1. What is w(x)?
-26
Let i(l) = -14*l**2 - 6*l + 2. Let p(q) = -15*q**2 - 5*q + 1. Let a(j) = 3*i(j) - 4*p(j). Determine a(-1).
18
Suppose -28 + 7 = 3*y. Suppose -2*d + n = 1 - 3, -2*d + 12 = 4*n. Let m(z) = -d*z + 4*z - 36 + 45. Give m(y).
-5
Suppose -4*c - 15 = 5. Let h(n) = -n**2 - 6*n - 3. Determine h(c).
2
Let u(j) = 8*j**2 + 7*j - 7. Let w(m) = 7*m**2 + 6*m - 6. Let s be (-3 - (-4 - -2)) + -1. Let r = s + 7. Let p(o) = r*u(o) - 6*w(o). Give p(1).
-2
Suppose 3*l + 4*t = 16, -2*t + 0 = -2*l + 6. Suppose 6*j = 3*d, -d - 8 = 3*j - 18. Let w(p) = 3*p - l*p + 5*p - j*p. Give w(2).
4
Let x(n) = -n**3 + 5*n**2 - n + 7. Let r be x(5). Let j(w) = 9*w**3 + 4*w. Let h(u) = 40*u**3 + u**2 + 17*u + 1. Let